011010110111100?
-1011010101111111
In base 5, what is -2200033 + 2?
-2200031
In base 13, what is -15 + 2831?
2819
In base 9, what is 5 - 4378?
-4373
In base 12, what is -81 - -647?
586
In base 8, what is -7 - 161710?
-161717
In base 2, what is -101 - -111010001010011?
111010001001110
In base 11, what is -4726aa + 3?
-4726a7
In base 14, what is 1166 - -19?
1181
In base 7, what is 14 - -25522?
25536
In base 8, what is -14373 + -44?
-14437
In base 8, what is -5 - 17612?
-17617
In base 9, what is 106 - 42100?
-41883
In base 6, what is -33 + -43543?
-44020
In base 3, what is 12 + -20212201?
-20212112
In base 5, what is -4334 + -4?
-4343
In base 5, what is -2404414 + -1?
-2404420
In base 3, what is 2 - 1001122000?
-1001121221
In base 15, what is c220e - 2?
c220c
In base 9, what is -34258 + 1?
-34257
In base 3, what is -21222 + -1221110?
-2020102
In base 6, what is -3 + 101224?
101221
In base 10, what is 4 + -1789?
-1785
In base 16, what is 1 - ba6b7?
-ba6b6
In base 3, what is -1200 + -10122111002?
-10122112202
In base 8, what is 3 + -53353?
-53350
In base 14, what is a + -8835?
-8829
In base 5, what is 0 - -113140243?
113140243
In base 5, what is 103343 + 210?
104103
In base 2, what is -1000010000111011010000 + -10?
-1000010000111011010010
In base 9, what is 0 + -43516?
-43516
In base 12, what is -2 + -14b606?
-14b608
In base 16, what is 2467 - 24?
2443
In base 15, what is -164 - 61?
-1c5
In base 7, what is 5 + 2036?
2044
In base 7, what is -23 + -5166?
-5222
In base 4, what is 313 - -23023?
30002
In base 11, what is -47893 - 5?
-47898
In base 11, what is -256 + 34a4?
3249
In base 10, what is -32 + 635?
603
In base 3, what is -10102 + 2120?
-212
In base 6, what is 23 + 41151?
41214
In base 9, what is 286187 + 3?
286201
In base 12, what is -13 + 756?
743
In base 3, what is -1210 + 1212122?
1210212
In base 12, what is 1210 + -17?
11b5
In base 5, what is -2 + -11121230?
-11121232
In base 9, what is -104 - 18844?
-20048
In base 12, what is 195 - -99?
272
In base 2, what is 100010110 - 1000010?
11010100
In base 10, what is 1940 - 6?
1934
In base 6, what is 30310 - 24?
30242
In base 13, what is -2c0 + -29?
-319
In base 9, what is -16786 + -3?
-16800
In base 11, what is 5 - 6830a?
-68305
In base 14, what is 491cd + -4?
491c9
In base 11, what is 0 + -1905?
-1905
In base 16, what is 1ab3 + 12?
1ac5
In base 10, what is -12642 + -52?
-12694
In base 5, what is 1011 + 1331?
2342
In base 10, what is 168493 - -5?
168498
In base 8, what is -26175 + 0?
-26175
In base 2, what is 1010100001101 - 101?
1010100001000
In base 9, what is -2 - -53686?
53684
In base 12, what is 5b + 281?
320
In base 15, what is 331 + 30?
361
In base 10, what is -21 - -23959?
23938
In base 5, what is -1143 - 1023?
-2221
In base 14, what is -b3 + 17b7?
1704
In base 16, what is -6f - -40e2?
4073
In base 4, what is 13300 + 21003?
100303
In base 11, what is 0 - 9120a?
-9120a
In base 2, what is 0 - 100000111111?
-100000111111
In base 7, what is 51531 - -10?
51541
In base 10, what is 209575 - 1?
209574
In base 7, what is -20 + 13355?
13335
In base 8, what is -1 - 57236?
-57237
In base 15, what is -995b - 3?
-995e
In base 12, what is 9b28 - 4?
9b24
In base 6, what is -1 + -3112?
-3113
In base 4, what is 12 + -12202122?
-12202110
In base 4, what is -2032113 - 12?
-2032131
In base 4, what is 1 + -2313031123?
-2313031122
In base 5, what is -1312042 - -1341?
-1310201
In base 14, what is 4b - -1ac?
219
In base 13, what is -1 - -765bc?
765bb
In base 3, what is -22122121211 + 0?
-22122121211
In base 6, what is 1 + -50522?
-50521
In base 14, what is 209a - -a?
20a6
In base 8, what is 2 - 47364?
-47362
In base 15, what is -200081 + 1?
-200080
In base 16, what is -f18 - -9?
-f0f
In base 15, what is -e - 1a4?
-1b3
In base 15, what is -55 + 1e6?
191
In base 6, what is 1004453 - -1?
1004454
In base 9, what is 26852 + 135?
27087
In base 16, what is 9 - 154a?
-1541
In base 10, what is -23 - 2542?
-2565
In base 6, what is 100 - 12242?
-12142
In base 13, what is -b - -8217a?
8216c
In base 6, what is -1031 + -101203?
-102234
In base 12, what is -13763 + 9?
-13756
In base 7, what is -1 + 14124?
14123
In base 15, what is 7 + 9bda?
9be2
In base 12, what is 18a31 - -2?
18a33
In base 13, what is 212 - -87a?
a8c
In base 6, what is 4234305 + 0?
4234305
In base 9, what is 1308 - -46?
1355
In base 16, what is d - -e84?
e91
In base 5, what is -4430 + -134?
-10114
In base 10, what is -12710 - 2?
-12712
In base 3, what is 222221 - -121120?
1121111
In base 8, what is -2014 + 30?
-1764
In base 11, what is 211131 - 2?
21112a
In base 3, what is -22201 - -1122022?
1022121
In base 11, what is -5647 + -798?
-6334
In base 7, what is -301552 - -5?
-301544
In base 8, what is 7763 + 10?
7773
In base 11, what is 86a0 + -28?
8673
In base 14, what is 3 - -38088?
3808b
In base 13, what is -6 + 3056?
3050
In base 14, what is 2 - -2d091?
2d093
In base 12, what is -4 + -6bb0?
-6bb4
In base 9, what is 114 + 1681?
1805
In base 9, what is 514 + -14?
500
In base 13, what is 69a1 - -80?
6a51
In base 12, what is 17231 - 3?
1722a
In base 16, what is 3 + 5248?
524b
In base 15, what is 2bc12 + 1?
2bc13
In base 4, what is 103232131 + -11?
103232120
In base 15, what is c - 61072?
-61065
In base 9, what is 10380 - -14?
10404
In base 12, what is -30 + -5931?
-5961
In base 10, what is 3 - -1550281?
1550284
In base 7, what is 5 - -32332?
32340
In base 16, what is e4 + -4f?
95
In base 3, what is 110 + 11101102012?
11101102122
In base 4, what is -2322013 - 20?
-2322033
In base 7, what is -1220 - 613?
-2133
In base 2, what is 10 - -11000000011101100?
11000000011101110
In base 8, what is 221510 - -7?
221517
In base 15, what is -12 + 2a6?
294
In base 6, what is -5143 - 34?
-5221
In base 4, what is 10 - -11122123?
11122133
In base 10, what is -307595 - -5?
-307590
In base 9, what is -4 - -5476?
5472
In base 12, what is -1bb9 - 169?
-2166
In base 3, what is 0 - 202202000?
-202202000
In base 4, what is 1113322 - 133?
1113123
In base 10, what is -7 - 57459?
-57466
In base 16, what is 5 - 1bda4?
-1bd9f
In base 11, what is -1318 + 4?
-1314
In base 6, what is -1345333 + 21?
-1345312
In base 3, what is 100222102 - -100?
100222202
In base 10, what is 52481 - 4?
52477
In base 2, what is 1111001010 - 1?
1111001001
In base 5, what is -10302001 - -1?
-10302000
In base 12, what is 6 - 724?
-71a
In base 6, what is -5 + -11533351?
-11533400
In base 4, what is -3 + 33101010?
33101001
In base 3, what is 210010211 + -202?
210010002
In base 11, what is -380 + 52?
-329
In base 15, what is 1 - 19726?
-19725
In base 8, what is -4332274 + -3?
-4332277
In base 16, what is 155398 - -2?
15539a
In base 13, what is ab + -2041?
-1c63
In base 3, what is -1010120 - 10122001?
-11202121
In base 15, what is -151e + -5?
-1524
In base 11, what is -2649 + -9?
-2657
In base 11, what is 0 - -393?
393
In base 12, what is 595b + 391?
6130
In base 7, what is 200114 + -2?
200112
In base 2, what is -1100110101110000101111 - -101?
-1100110101110000101010
In base 4, what is 31222100 - 102?
31221332
In base 15, what is 4db - -35d?
849
In base 4, what is -1120 - 20132?
-21312
In base 9, what is 340 + 678?
1128
In base 3, what is -11 + 202010200?
202010112
In base 6, what is -2330435 + -15?
-2330454
In base 11, what is -a885 - 6?
-a890
In base 10, what is -1590504 + -5?
-1590509
In base 15, what is e50b + -9?
e502
In base 13, what is 17cb - -7a?
1878
In base 12, what is 5a6 + 0?
5a6
In base 5, what is 14010 - -1042?
20102
In base 13, what is 903 + 3ca?
1000
In base 8, what is 4 - 1327562?
-1327556
In base 11, what is 11a4a + 15?
11a64
In base 9, what is -2 - 605008?
-605011
In base 9, what is -51155 - -8?
-51146
In base 2, what is -100 + -11000001010100011?
-11000001010100111
In base 15, what is 29ceb - -5?
29d01
In base 4, what is 1 + -112110211?
-112110210
In base 4, what is 2131 - -2233?
11030
In base 13, what is -3 - -1ca2?
1c9c
In base 9, what is 1165 + 1830?
3105
In base 11, what is -3543 + -4?
-3547
In base 7, what is -4426 + 214?
-4212
In base 5, what is -13223 - 12440?
-31213
In base 16, what is 29be - a?
29b4
In base 15, what is 5b3 - -554?
b17
In base 15, what is -673 + 5?
-66d
In base 13, what is -2 - -a624?
a622
In base 15, what is 4 + -7192?
-718d
In base 16, what is 9bb1 - -e?
9bbf
In base 2, wh